*z - 4*y = -1102, 5*y = 2*z - 141 - a. What are the prime factors of z?
2, 109
Let o(n) = 4*n**2 - 18*n - 22. Let k = -24 - -34. List the prime factors of o(k).
2, 3, 11
What are the prime factors of ((-8)/((-56)/7343))/1?
1049
Let q(j) = 8*j**2 + 27*j + 249. What are the prime factors of q(-12)?
3, 359
Let a = -1782 - -2764. What are the prime factors of a?
2, 491
Let x be 92/(-6)*9/(-6). Let c = 10 - x. Let g = c - -23. List the prime factors of g.
2, 5
Suppose -4*i + 1404 = 4*l, -97*i + 98*i + 3*l - 349 = 0. What are the prime factors of i?
2, 11
Let u be (-4)/(-22) + (-38592)/(-99). Suppose 4*q - q + 3*t + 405 = 0, -3*q + 2*t - u = 0. Let m = -94 - q. What are the prime factors of m?
2, 19
Suppose -4*m = -3*b + 197 + 1215, 4*b - 1878 = 3*m. List the prime factors of b.
2, 3, 13
Let y = -4 - -14. Let x = 10 - y. Suppose x = 4*n - 0*s + 2*s - 126, 0 = -4*n - 5*s + 117. List the prime factors of n.
3, 11
Let n = 90 + -42. Suppose 2*d + 4*i + 0*i = n, 36 = d + 5*i. What are the prime factors of d?
2
Suppose n - 14 + 2 = 3*b, 8 = 4*n - 2*b. Suppose n*q + 3*q = -45. Let k = 18 + q. List the prime factors of k.
3
Let d(t) = t**3 + 8*t**2 - 2*t + 2. Let v(m) = m**3 - 11*m**2 - m + 4. Let f be v(11). List the prime factors of d(f).
5, 13
List the prime factors of (1024/28)/(6/21).
2
Suppose -799 = q - 2876. What are the prime factors of q?
31, 67
Let l(i) be the first derivative of 12*i**3 - 5*i**2/2 + 12*i + 19. List the prime factors of l(3).
3, 107
Let n be 2300/60*6*2. Suppose 2*h = -2*h + n. Let j = h - 78. What are the prime factors of j?
37
Let o = 1570 - 1053. List the prime factors of o.
11, 47
Let t = -77 - -72. Let a(i) = 5*i**2 + 10*i - 3. List the prime factors of a(t).
2, 3
Suppose 407 = 4*z + 7*f - 2*f, -221 = -2*z + f. Suppose -4*k + 8*k = z. Let i = k - 1. List the prime factors of i.
2, 13
Let t be (-3)/4 - (-1170)/(-40). Suppose -24 = -5*s + 236. Let w = s + t. What are the prime factors of w?
2, 11
Let c(t) = -3*t + 4. Let g(i) = 7*i - 8. Let q(x) = 5*c(x) + 2*g(x). Let s be q(0). Suppose -s*r = -f + 55, 0 + 5 = -r. What are the prime factors of f?
5, 7
Let n(a) = -50*a + 19. Let x be n(-11). Suppose -5*m + x = -4*c, -3*m + 116 = -2*m - 3*c. What are the prime factors of m?
113
Suppose -7*f - 2*f = -765. Let u = f + -23. List the prime factors of u.
2, 31
Let v be -5 + 96/18 - (-10)/6. Suppose v*w + 0*w = 4*c + 208, -4*c = 3*w - 282. List the prime factors of w.
2, 7
Suppose 0*n + 28 = 4*n. Let q be 924/36 - (-2)/(-3). Suppose 0 = 2*o - n*o + q. What are the prime factors of o?
5
Suppose -16*f - 4136 = -19*f + 5*v, 0 = -5*v + 10. What are the prime factors of f?
2, 691
Suppose -7*f + 80 = -3*f. Suppose -18*o + f*o - 318 = 0. List the prime factors of o.
3, 53
Let d(c) = -7*c**3 + 11*c**2 - 11*c + 26. Let v(n) = -6*n**3 + 11*n**2 - 11*n + 25. Let h(b) = -5*d(b) + 6*v(b). What are the prime factors of h(9)?
83
Suppose -82*k + 60*k = -22880. What are the prime factors of k?
2, 5, 13
Suppose 17501 = 40*s - 29*s. List the prime factors of s.
37, 43
Suppose -t - t = -102. Suppose 0 = -2*q + g + t + 114, 267 = 3*q + 5*g. Let h = 131 - q. What are the prime factors of h?
47
Let v = 20 + 57. Suppose 6*f + v = 491. What are the prime factors of f?
3, 23
Let j(p) = 2*p**3 + 4*p**2 - 15*p - 12. Let o be j(-6). Let m = -97 - o. What are the prime factors of m?
113
Let u(g) = 37*g + 1481. What are the prime factors of u(0)?
1481
Let l(g) = 11*g**2 - 11. Let p be (-9 - 0) + 6*(-4)/(-6). List the prime factors of l(p).
2, 3, 11
Let u = 18 + -20. List the prime factors of (-64)/3*3/u.
2
Let h = 2243 - 1319. What are the prime factors of h?
2, 3, 7, 11
Suppose -3*t - 5*m - 38 = -6*t, -10 = -5*t - 5*m. Let x(i) = 21*i + 12. List the prime factors of x(t).
2, 3, 23
Let g = -5 - -5. Suppose g = -2*p - p. Suppose p = -0*j - 2*j + 18. What are the prime factors of j?
3
Suppose 8*r = -r + 36. Suppose -3*t = s - 291, -r*t + s + 388 = 6*s. List the prime factors of t.
97
Let j be (2/(-4))/(2/16). Let p = j + 10. List the prime factors of (0 - -16) + (8 - p).
2, 3
Let c(z) = -6*z**3 + z**2 - 1. Let g be c(-1). Suppose -10 = -4*l + g. Suppose -14 = 2*x - l*x. List the prime factors of x.
7
Let s be (-2)/2*-1*3. Suppose 0 = -4*m - x + 339, m + 0*m - s*x = 88. What are the prime factors of m?
5, 17
Suppose 5*p + 6 + 4 = 0, -5*p + 30 = -4*u. What are the prime factors of (u/15)/((-1)/15)?
2, 5
List the prime factors of ((-6084)/(-8) - -9)*(2 + 0).
3, 19
List the prime factors of (-6)/8 + (-12817)/(-28) + 1.
2, 229
Let j(k) = -k**3 + 20*k**2 - 19*k - 6. Let q be j(19). List the prime factors of ((-3)/q)/((-1)/(-174) - 0).
3, 29
Suppose 30 = 5*l + 5*g, g - 7 = -l - g. Suppose -30 = -u - m, l*u - 158 = -3*m + 2*m. Suppose -3*s + u - 9 = k, -2*k = 5*s - 39. List the prime factors of s.
7
Suppose -4*x + 1 = -5*z, -4*z - 7*x = -2*x - 32. Suppose -8 = -z*c - c. Let n = c + 12. What are the prime factors of n?
2, 7
Let l = 7633 - 4535. List the prime factors of l.
2, 1549
Let u be 2/11 + (-52)/44. List the prime factors of u/4 - 1896/(-32).
59
Let l = 243 - 171. Suppose -3*x - 2*x = -15. Suppose -x*q = -q - l. What are the prime factors of q?
2, 3
Let o = 151 + -125. List the prime factors of o.
2, 13
Let l(w) be the third derivative of -2/15*w**5 + 6*w**2 + 0 + 0*w - 1/120*w**6 + 5/3*w**3 + 7/24*w**4. What are the prime factors of l(-9)?
2, 7
Let a = -7 - -2. Let y(u) = -2*u + 19. List the prime factors of y(a).
29
Let t(z) = -4*z**3 - 11*z**2 + 2*z - 15. List the prime factors of t(-6).
3, 7
Let x(p) = -p**3 - 1. Suppose 3 = 2*l + 1. Let i(b) = b**3 - 7*b**2 - 5*b - 7. Let d(v) = l*i(v) + 2*x(v). What are the prime factors of d(-7)?
2, 13
Suppose 14*z - 680 - 6558 = 0. List the prime factors of z.
11, 47
Let a = -31 - -34. Suppose -a*t + 96 = t. What are the prime factors of t?
2, 3
Let r(a) = -10*a + 13. Let t be r(-11). Let d = t - 37. What are the prime factors of d?
2, 43
Suppose 329*t - 336*t + 2744 = 0. What are the prime factors of t?
2, 7
List the prime factors of (-472164)/(-238) - (-12)/102.
2, 31
Suppose 2286 = 26*b + 128. What are the prime factors of b?
83
Let z be (85/51)/((-5)/(-18)). Suppose -z*u + 1046 = -706. What are the prime factors of u?
2, 73
Suppose 40*k - u = 39*k + 2215, u = 5*k - 11055. What are the prime factors of k?
2, 5, 13, 17
Let p = 297 - 208. Suppose -2*r = -w + p, 5*w + 2*r + 2*r = 445. List the prime factors of w.
89
Suppose -5*q + 3195 = 3*k, 4*q - 158 = 2*k + 2398. List the prime factors of q.
3, 71
List the prime factors of (-10)/(7 + -5) + 360.
5, 71
Let q(v) be the second derivative of 5*v + 5/2*v**2 + 1/20*v**5 - 5/6*v**4 + 5/3*v**3 + 0. List the prime factors of q(9).
2, 7
Let u = 17 + 40. Suppose -62*k + 1265 = -u*k. List the prime factors of k.
11, 23
Suppose -44*v + 1085 = -13*v. Let i = -3 + 13. Let c = v + i. What are the prime factors of c?
3, 5
Suppose 5*y + 5 - 15 = 0. What are the prime factors of 88/(-2)*y/(-8)?
11
Let b(n) = n**2 + 3*n + 4. Let s be b(-3). Suppose -s*l + 1 = -7. Suppose 5*r = l*r + 123. What are the prime factors of r?
41
What are the prime factors of 342*348/145*20/9?
2, 3, 19
Let w(y) = 18*y**2 + 6*y + 26. List the prime factors of w(5).
2, 11, 23
Suppose 4*q = 6*q - 4. Suppose 0 = 2*s - 4*l - 14, s + q = -s - 4*l. Suppose -6*j + 4*w + 52 = -2*j, 2*j - s*w = 21. What are the prime factors of j?
2, 3
Let d(c) = -5*c + 70. List the prime factors of d(-9).
5, 23
Let q = -31 + 26. Let i = q + 71. What are the prime factors of i?
2, 3, 11
Let x be (-83)/(-5) - (-3)/(60/8). Suppose -429 - 319 = -x*p. List the prime factors of p.
2, 11
Let a(q) = q**3 - 4*q**2 - 3*q - 10. Let g be a(5). Let v = g - -64. List the prime factors of v.
2
Suppose -91*j = -88*j + 2*n - 8552, 2*n = -j + 2852. List the prime factors of j.
2, 3, 5, 19
Let s(l) be the first derivative of -2*l**3/3 + l**2/2 + 2*l - 5. Let x be s(-2). What are the prime factors of 26*(2 - (-4)/x)?
3, 13
Let y = 23 - 23. Suppose 5*f - 87 + 26 = 4*k, 5*f - 2*k - 63 = y. List the prime factors of f.
13
What are the prime factors of 2*(5 - 6) + 474?
2, 59
Let n(l) = -10*l**3 - 6*l**2 + 2*l - 51. What are the prime factors of n(-8)?
7, 23, 29
Let f = 346 - 306. What are the prime factors of f?
2, 5
Let s be 32 + (-3 - -5) + -4. Let h = -76 + 12